.
5, 19
Let k(y) = 6*y - 1. Let d be k(2). Suppose 2*g - 34 = 2. Let v = g - d. What are the prime factors of v?
7
Let t(j) = 8*j + 11. Let x be t(-8). Let p = x - -77. What are the prime factors of p?
2, 3
Suppose -3*l + 10 = 1. Let p be (-1 - 0) + (l - 6). Let m = p - -13. What are the prime factors of m?
3
What are the prime factors of 4 - -42 - -4 - -2?
2, 13
Let d = -2 + 0. What are the prime factors of (d - (-15)/6)*14?
7
Suppose -50 = 2*m - 126. Suppose m = 4*f + l, -l - 16 = -3*f + 16. What are the prime factors of f?
2, 5
Suppose 0 = -h + 5 + 14. Suppose h*w = 22*w - 102. What are the prime factors of w?
2, 17
Let f(i) = -34*i - 7. Let g be f(-4). Suppose -4*q - 5*k + 183 = 0, -4*q - 4*k + 309 = g. What are the prime factors of q?
2, 3, 7
Suppose 4*z = -16, -2*z = -c + 2*z + 211. What are the prime factors of c?
3, 5, 13
Let j = -34 + 16. List the prime factors of 1*8*(-27)/j.
2, 3
Let r(c) = c**3 + 24*c**2 - 3*c - 3. List the prime factors of r(-24).
3, 23
Let v = 14 + -14. Let l = 6 - v. What are the prime factors of l?
2, 3
List the prime factors of 245 + 6/5*20/6.
3, 83
Let o = 557 - 389. What are the prime factors of o?
2, 3, 7
What are the prime factors of 5/10 + ((-390)/(-4) - 1)?
97
Let f(g) = -g. Let n(j) = 5*j + 5. Let u(c) = 4*f(c) + n(c). What are the prime factors of u(9)?
2, 7
Let s = 217 - 32. What are the prime factors of s?
5, 37
Let q = 30 + -21. Let w be ((-15)/q - -1)*3. List the prime factors of (1 + w)*(-5 - 5).
2, 5
Suppose -5*s - 4 = 2*y - 22, 5*y = -4*s + 28. Let b(n) = 4 + n - y*n + 6 + 2*n. List the prime factors of b(7).
3
Let b(v) = v**3 - v**2 + 2*v - 4. Suppose 5 = -3*s - 4*p + 34, -s + 4*p - 17 = 0. Let q be b(s). Suppose -q + 2 = -2*n. What are the prime factors of n?
3
Let d(f) = -f**3 - 3*f**2 - 3*f + 1. Let m be d(-3). Suppose 2*a = -m, 0 = -0*h + 5*h - a - 75. List the prime factors of h.
2, 7
Let g(b) = b**2 + 5*b - 1. Let p be g(-5). Let c be 6*1 + p + 1. List the prime factors of (4/c)/((-10)/(-165)).
11
Let t = -133 - -226. What are the prime factors of t?
3, 31
Suppose -2*y = -5*w + 21, 16 = 4*w - y - y. Let m(r) = 3*r - 7. List the prime factors of m(w).
2
Let p(h) = 2*h**3 - 4*h**2 + 3*h - 1. List the prime factors of p(5).
2, 41
Let q = 52 + -22. What are the prime factors of q?
2, 3, 5
Let j(v) = -2*v**3. Let y be j(-1). Suppose -2*d = -w + 3*d - 10, 4*d = w + 7. Suppose -y*t + w*t - 12 = 0. List the prime factors of t.
2
Let b = -77 + 114. Let d = 72 - b. What are the prime factors of d?
5, 7
Let o(d) = -d**3 + 7*d**2 - 3*d - 2. Let m(r) = 2*r**3 - 7*r**2 + 4*r + 1. Let h(a) = 2*m(a) + 3*o(a). List the prime factors of h(-7).
3
Let g = 13 + -11. Suppose 1 + 17 = g*b. List the prime factors of b.
3
Suppose 2*b - 16 = -4*y, -2*b + y = -2*y - 2. Suppose 0 = 2*o + b - 6, -5*o = 5*d. List the prime factors of (-1 + d)/4*-4.
2
Suppose 9 = 3*p - 3. Suppose -p*b + 28 = 5*z - 25, -4*z - 2*b + 40 = 0. What are the prime factors of z?
3
Suppose 2 = 3*k - 10. Suppose -299 = -k*t - 103. What are the prime factors of t?
7
Suppose -3*o + 63 = r, -3*o = -5*o - 3*r + 42. What are the prime factors of o?
3, 7
Suppose 5*j + 33 = 2*s - 0*s, -j - 13 = -2*s. List the prime factors of (-6)/s*224/(-21).
2
Let g(o) = o**3 - 7*o**2 + 6*o + 4. Let n be g(6). Suppose -t = n*b - 24, 2*b = -b + 2*t + 7. List the prime factors of b.
5
Suppose c = -4 + 3. Let a = -1 - c. Suppose -i + 0*i + 7 = a. What are the prime factors of i?
7
Let b = -1 + 67. What are the prime factors of b?
2, 3, 11
Suppose -3 = -4*g + 5. Suppose g*z = 5*z. Suppose z = -2*y + 6. What are the prime factors of y?
3
Let h(q) = q**2 - 9*q - 17. What are the prime factors of h(-5)?
53
Let l(z) = -z**3 + 5*z**2 + 7*z. Let y be l(6). Let b(m) = -y*m**2 - 6*m**3 + 2*m**3 - 3*m**3 + 4*m**2 + 1. List the prime factors of b(-1).
2, 3
Suppose 0 = -z + 2*z. List the prime factors of 6 - ((z - 0) + -3).
3
Let z = 7 - 3. Suppose 5*i + 0*k = -z*k + 30, i - 6 = k. Suppose i*l - 52 = 2*l. List the prime factors of l.
13
List the prime factors of 24*(-80)/(-15) - -2.
2, 5, 13
Let o be (14/(-8))/((-3)/24). Let f = o + -3. List the prime factors of f.
11
Suppose 6*p - 212 = 238. What are the prime factors of p?
3, 5
Suppose -3*h + 442 = -4*y + 2*y, 0 = 2*h + 5*y - 263. Suppose -3*z = -0*z + 2*b - 110, -4*z - 4*b = -h. List the prime factors of z.
2, 19
Suppose 0 = -i - 0 + 3. Suppose -82 = -i*c + 2*k, 5*c - 115 - 10 = k. Suppose u = 5*u - c. What are the prime factors of u?
2, 3
Let s(t) = -t**3 - 3*t**2 - 2*t - 2. Let f be s(-3). Let b(o) = 6*o - 9. What are the prime factors of b(f)?
3, 5
Let o(g) = 8*g - 5. Let c be o(7). Suppose s + c = 4*s. List the prime factors of s.
17
Suppose 4*s + 0*s = -4. List the prime factors of (13 - s) + 8 + -10.
2, 3
Let z(x) = -x**3 - 3*x**2 - 3*x. Let l be z(-2). List the prime factors of -18*l/6*-1.
2, 3
Let a(q) = 2*q - 3. Let v = 11 - 6. Let b(i) = 4*i - 5. Let y(c) = v*a(c) - 3*b(c). What are the prime factors of y(-1)?
2
Suppose -3*s + 12 = w + 1, -10 = -5*w. Suppose 5*m - 45 = t, 2*t - 6*t = s*m - 4. What are the prime factors of m?
2
What are the prime factors of (-3)/(-9)*(369 - 3)?
2, 61
Suppose 66 = 4*s - 46. Suppose 0 = -3*d + k + s, -2*d + 24 = -6*k + 4*k. What are the prime factors of d?
2
Let s = 9 + 2. Suppose 4*w = y - 26, -4*w - s = 1. What are the prime factors of y?
2, 7
Let u = -9 + 7. Let r = u + 5. List the prime factors of (-1 - 8/(-3))*r.
5
Let w = -54 + 89. What are the prime factors of w?
5, 7
Let l(v) = v**3 - 12*v**2 + 10*v + 16. What are the prime factors of l(11)?
5
Suppose -2*d - v + 14 = d, 0 = -5*d + 3*v + 42. What are the prime factors of 116/d - (-1)/(-3)?
19
Let b be 57/6 + (-2)/4. Let t(o) = -b*o + 4*o + 1 - 7*o. List the prime factors of t(-1).
13
Let d(m) = 2*m**2 - 9*m - 3. What are the prime factors of d(7)?
2
Suppose -4*r + r + 5*g + 8 = 0, 0 = -3*r - 3*g. List the prime factors of (-150)/(-5) + r/1.
31
Let d be 2*(-2)/4*-1. Let g(p) = -2*p + 3*p**3 - p**3 - 6 + 2*p**2 + 7. What are the prime factors of g(d)?
3
Suppose -3*z + 3*t + 39 = 0, 0 = 3*z - 2*z + t - 5. What are the prime factors of z?
3
Let n(g) = 13*g**2 + g. Let z = 2 - 0. Suppose 0 = z*m + 2. What are the prime factors of n(m)?
2, 3
Let b be (-2)/(-2) - (-1)/1. Suppose -p = -4 + b. List the prime factors of (p/(-6))/(2/(-12)).
2
Let b(l) = l**3 + 3*l**2 - 3*l + 1. Let z be b(-4). Let v be (-7)/21 + 107/z. Let o = -25 - v. List the prime factors of o.
11
Suppose -d + 1 = 4*q, 3*d + 3*q - 30 = 18. List the prime factors of d.
3, 7
Suppose 3*v + 2*p - 10 - 13 = 0, -3*p - 18 = -3*v. Let c = -7 + v. Suppose c = -5*z, 2*z + 1 - 37 = -3*x. What are the prime factors of x?
2, 3
Suppose -6*s = 225 + 663. Let f = -103 - s. What are the prime factors of f?
3, 5
List the prime factors of (-384)/(-8) + (-6)/2.
3, 5
Let d be (-528)/(-36) - (-2)/(-3). Let o = d + -10. List the prime factors of o.
2
Let j = 0 + 3. Suppose -j*o + 2*o + 12 = 0. Let t = 19 - o. What are the prime factors of t?
7
Let h(t) = -t**2 - 2*t - 4. Let u be h(-3). Let w = 9 + u. Let x(i) = 8*i - 3. What are the prime factors of x(w)?
13
Let w be -8 - (-1 + 0 - -1). Let g be 1/2 + 132/w. Let x = -7 - g. List the prime factors of x.
3
What are the prime factors of 4/12*3*23?
23
Suppose -2*l = 3*f - 48, 0*f + 132 = 4*l - 3*f. Let v be (-3)/12 + (-142)/8. Let t = v + l. List the prime factors of t.
2, 3
Let h = 3 + -3. Suppose 5*c - 11 = 2*p - h, 4*c = 20. What are the prime factors of p?
7
Suppose 3*p = -0*p + 12. List the prime factors of -1 - (-54 - (p - 0)).
3, 19
Let z be ((-1)/(-2))/(11/(-506)). Let t = z + 50. List the prime factors of t.
3
Suppose 3*n - 1764 = -5*b - 180, -4*n + 1587 = 5*b. What are the prime factors of b/14*(-8)/(-10)?
2, 3
Let z(x) = 4*x - 8. Let i = 12 + -4. What are the prime factors of z(i)?
2, 3
Let w(d) = 4*d**2 - 3*d - 1. What are the prime factors of w(-2)?
3, 7
Suppose -2*f = 3*g + 13, -g - 2 = -3*f + 6. Let z(u) = -4 - f - 3*u + 4 + 14*u. List the prime factors of z(1).
2, 5
Suppose 0 = 2*m - 5*v - 435, 0 = -5*m - v - 85 + 1240. List the prime factors of m.
2, 5, 23
Suppose 3*w - 953 = 5*f, 6*f = 3*f + 15. What are the prime factors of w?
2, 163
Suppose -19 = 3*v - 73. Let o = -13 + v. Suppose -o*c + c + 12 = 0. List the prime factors o